-381*y + 19314. What is the thousands digit of y?
2
Suppose -6*p + 13 + 17 = 0. Suppose p = 2*j - 5. Suppose -2*w = -3*o + 57, -o + j*o + 3*w = 76. What is the units digit of o?
9
Let n = -1291 + 2983. What is the tens digit of n?
9
Suppose -s - 2*s = 2*s. What is the tens digit of (1 + s)/(((-39)/(-288))/13)?
9
Suppose 0 = 3*q + s - 40 + 13, 0 = 3*s. Let x = q - 0. What is the units digit of x?
9
Suppose -3*q + 0*q - 2*l + 161 = 0, 4*q = 2*l + 224. Let h = q + 82. What is the units digit of h?
7
Let f = -9 - -11. Suppose 0 = -f*z + 4*z - 2, -4*s + 14 = 2*z. Let x(i) = 2*i**2 - 2*i - 3. What is the units digit of x(s)?
9
Suppose -3*r + 5 = -4. Suppose 0 = -k - 5*h + 119, r*k = 5*k - 5*h - 253. What is the hundreds digit of k?
1
Let l = 31 - 20. What is the units digit of 2 + l + 4/4?
4
What is the tens digit of 805/(-70)*(-39 + 1)?
3
Let i(g) = g**3 - 13*g**2 - 2*g + 30. Let v be i(13). Suppose -4*j + 3*p + 587 = 0, -v*p = 2*j - 6*p - 292. What is the tens digit of j?
4
Let d be (3 - -24 - (-6)/3) + 4. Let l = 9 - 1. Let f = d + l. What is the units digit of f?
1
Let f(x) = 64*x**2 - 31*x + 101. What is the thousands digit of f(10)?
6
Suppose -11*x + 44 = 242. Let f = 40 - x. What is the units digit of f?
8
Suppose -3*w + 480 = 4*f, 2*f - 3*w - 97 = 143. What is the tens digit of f?
2
Let n(o) = -2*o**2 + 21*o + 15. Let t be n(11). Let y(j) = 20*j**2 - 4*j + 8. What is the units digit of y(t)?
2
Let x = 13 + -10. Suppose 31 + 8 = j - p, 3*j + x*p - 141 = 0. What is the tens digit of j?
4
What is the hundreds digit of (-7855)/(-10) - (-3)/(-6)?
7
Let m be ((-28)/6)/(4/(-6)). Let g be 1 + (-2 - m) - -4. What is the tens digit of (g/(-5))/(2/50)?
2
What is the units digit of 2 + 0 - (-4 - (112 - 0))?
8
Let i(x) be the second derivative of x**4/12 + 2*x**3/3 - 3*x**2 + 8*x. Let j be i(-6). Suppose 0 = -j*n + 11*n - 270. What is the units digit of n?
4
Suppose -3*j - 2*j + 5 = 0. Let g(k) be the second derivative of 23*k**3/6 + k**2/2 + 6*k. What is the units digit of g(j)?
4
Let x(r) = -r**3 + 9*r**2 - r + 11. Let t(q) = -3*q - 1. Let w be t(-3). What is the units digit of x(w)?
7
Let u = -9 - -3. Let c = 4 - u. Let r = 11 - c. What is the units digit of r?
1
Suppose 185*f - 117*f = 65416. What is the tens digit of f?
6
Let s = 435 + -274. Suppose 2*y - 3*f - 13 = s, 4*f = -4*y + 308. What is the tens digit of y?
8
Suppose 7*g = -51*g + 33756. What is the tens digit of g?
8
Suppose -x = -14 + 11. Suppose t - x*k = -4*t + 210, 2*t - 5*k = 65. What is the tens digit of t?
4
Suppose -3*b - 23 = 4. Let g(r) = -r**2 - 9*r + 28. What is the units digit of g(b)?
8
Suppose 0 = -4*q + 610 + 290. Suppose -8*d + q = -5*d. What is the units digit of d?
5
Let v(l) = -l**2 + 10*l - 7. Suppose 0*g + 4*g = 20. Let i be 7 + (4 - (g + -3)). What is the units digit of v(i)?
2
Let q(l) = l**3 + 53*l**2 - 64*l - 210. What is the units digit of q(-53)?
2
Let c = -10657 + 15807. What is the tens digit of c?
5
Let m be (178/8)/((-136)/32 - -4). Let v = 97 + m. What is the units digit of v?
8
Suppose -4*a = -5*o + 762, -2*o - a + 312 = -5*a. What is the tens digit of o?
5
Suppose 24*z - z = 20999. What is the tens digit of z?
1
Suppose 7 - 35 = -7*m. Suppose 7*d = -m*d + 385. What is the units digit of d?
5
Let b(a) = a**2 - 17*a + 37. Let u be b(15). Suppose -6*c = -u*c + 69. What is the tens digit of c?
6
Suppose -4*a - 3*u + 1344 = 0, -7*u + 672 = 2*a - 10*u. What is the units digit of a?
6
Let c = 1 - -11. Suppose -184 = c*y - 16*y. What is the units digit of y?
6
Suppose 6*t - 266 = -38. Let c = 63 - t. What is the tens digit of c?
2
What is the thousands digit of (18784/40)/(14/35)?
1
Let t be (1/1)/((-2)/6). Suppose 2*l = l - 3. What is the units digit of (l/2)/(t/12)?
6
Let w(n) = 7*n - 26. Let h be -20*(3/5 - 1). What is the units digit of w(h)?
0
What is the hundreds digit of 8*(-1 - 655/(-20)) + -4?
2
Suppose -773 = -2*x + 453. What is the tens digit of x?
1
Suppose 0 = 2*d + z - 3357, 3*z = -2*d + 2642 + 725. What is the units digit of d?
6
Let f(y) = 129*y + 115. What is the tens digit of f(5)?
6
Suppose 6*r + 348 = 2*r. Let b = r - -184. What is the tens digit of b?
9
Let n(y) = y + 14. Let m be n(-7). Let i(x) = 2*x + 17. What is the units digit of i(m)?
1
Suppose 5*y + 78 + 172 = 5*p, 0 = -2*p - y + 97. Suppose 0 = r - p - 16. Let a = r - 40. What is the units digit of a?
5
Let l(w) = w**3 - 11*w**2 + 1. Let i be l(11). Let b = i + 3. What is the units digit of ((-2)/b)/((-7)/28)?
2
Suppose 4*p - 12243 = -5*j + 5312, -2*j = -5*p + 21985. What is the tens digit of p?
9
Let v be 1/(-2)*0 - -16. Let y(t) = 9 + v - 2*t + 0 - 8. What is the units digit of y(8)?
1
What is the thousands digit of -3 + 3502 - (-1 - 3)?
3
Let g = 3686 - 2605. What is the thousands digit of g?
1
Let y(i) = i**2 + 4*i + 2. Suppose 4*m - 8*m = 36. Let f be y(m). Suppose -2*q = -25 - f. What is the tens digit of q?
3
Suppose 0 = -20*i - 11*i + 51677. What is the tens digit of i?
6
Suppose 0*d + 21 = -3*d + 3*q, -q - 41 = 3*d. Let f = 38 - d. What is the tens digit of f?
5
Let t = 1 + 135. Let k = t - 63. What is the tens digit of k?
7
Let j = 38 + -24. Let n = j + -16. What is the units digit of 2 + 2 + n + 4?
6
Let s(t) be the first derivative of -39*t**4/2 + t**2/2 + 2*t + 7. What is the units digit of s(-1)?
9
Suppose -a - r = -10, -r = -2 + 4. Let s = a - 10. Suppose -3*p - 5*j = p + s, -j = 2. What is the units digit of p?
2
Let a(x) = x + 2. Let u be a(3). Suppose 3 = 4*m - u. Suppose 4*b - m*v + 7*v - 272 = 0, 4*b = -v + 288. What is the tens digit of b?
7
Suppose -95 = -3*u - r + 3*r, -85 = -3*u + 4*r. Let a(x) = -u*x - 20*x - 2*x + 7*x. What is the units digit of a(-1)?
0
Let j(r) = 2*r**2 + 9*r + 3. Let y(k) = 2*k**2 + 8*k + 4. Let i(m) = -2*j(m) + 3*y(m). Let u be i(-5). Suppose -q = -4 - u. What is the units digit of q?
0
Let y = 2582 - 2071. What is the hundreds digit of y?
5
Suppose -27*z = -21*z - 1572. What is the hundreds digit of z?
2
Let g be 15688/28 - 2/7. Suppose -g = -9*n + 4*n. What is the units digit of n?
2
Suppose -2 - 10 = 3*z. Let a = 2 - z. What is the units digit of a?
6
Let f(t) = 101*t + 164. What is the hundreds digit of f(2)?
3
Let f = 1368 + 1023. What is the tens digit of f?
9
Suppose 5*z + 160 = 20. Let y = 8 + z. Let o = y + 63. What is the tens digit of o?
4
Suppose -7*x + 141 = -13. Suppose -x = 2*h - 158. What is the tens digit of h?
6
Suppose 4*k - 5*u - 671 = 0, -3*u = k + 2*u - 174. Let v = k - 95. What is the units digit of v?
4
Let p = -12 + 8. Let q(s) = 953 - s - 953. What is the units digit of q(p)?
4
What is the tens digit of 5 - (0 + -2 - (18 - -678))?
0
Let c = -501 - -788. Let v = 428 - c. What is the units digit of v?
1
Suppose -3*s + 5 = -1, 4*g + 490 = s. What is the tens digit of g/4*1*6/(-3)?
6
Let y(f) = -221*f - 69. What is the hundreds digit of y(-3)?
5
What is the units digit of (-2)/(-30) + 952224/315?
3
Suppose 6*z = 3*z + 4*j + 253, -2*j - 334 = -4*z. What is the units digit of z?
3
What is the hundreds digit of (-104)/((-24)/(-8) + (-7)/2)?
2
What is the hundreds digit of 108/((3/(-4))/(21/(-8)))?
3
What is the tens digit of (39/(-52))/(((-2)/4024)/1)?
0
Suppose 4*h = 4*y + 12, -2*h - 2*y = -h - 9. Suppose 2*u - 6*u + 12 = 0. Suppose 5*w - 92 = -u*n, h*n - 108 = -3*w + 6*w. What is the tens digit of n?
2
Let h be (-1 - 209)*(-2)/3. Suppose 4*k - h = -40. What is the units digit of k?
5
Suppose v = 2*w, -5*v - 3*w + 52 = -0*w. Suppose t = 4*g - t - 22, 6 = -2*t. Let n = v + g. What is the units digit of n?
2
Let h be (2/4)/((-12 + 7)/(-170)). Suppose -20*v + 240 = -h*v. What is the tens digit of v?
8
Let s be (36/21)/((-24)/(-112)). What is the tens digit of (-3864)/s*(-1 + (-2)/(-6))?
2
Let b(f) = 5*f + 12. Suppose 4*j = -4*a - 48, 0 = 3*a - 8*a + 3*j - 20. Let o be b(a). Let k = 52 + o. What is the units digit of k?
9
Suppose 2*m - 7*m + 300 = 0. Suppose m = -6*k + 9*k. What is the units digit of (k/15)/((-2)/(-30))?
0
Let b(d) = 10*d**3 - 3*d + 2. Let g = 4 + -2. What is the tens digit of b(g)?
7
Suppose -8*g + 3*g = 55. Let w(y) = -23*y + 24 + 85*y - 35*y - 26*y. What is the units digit of w(g)?
3
Suppose -z - 1 = -2*s, 3*s - z = -2*z + 4. Let l be (s + 1 + -3)*4. What is the units digit of (-12)/(-1) - (l + 7)?
